 495?
99
Calculate the greatest common factor of 1479 and 87.
87
What is the highest common factor of 23 and 4439?
23
Calculate the highest common divisor of 87 and 203.
29
Calculate the greatest common divisor of 4071 and 59.
59
What is the highest common divisor of 135 and 2943?
27
What is the greatest common factor of 5664 and 60?
12
Calculate the highest common factor of 32798 and 62.
62
What is the greatest common factor of 1647 and 61?
61
Calculate the highest common divisor of 891 and 88.
11
What is the greatest common divisor of 576 and 18?
18
Calculate the greatest common factor of 70 and 9324.
14
Calculate the highest common factor of 1312 and 410.
82
What is the greatest common factor of 72 and 1464?
24
Calculate the highest common divisor of 7002 and 2.
2
Calculate the greatest common factor of 9 and 261.
9
What is the highest common factor of 120 and 1080?
120
Calculate the highest common factor of 725 and 350.
25
What is the greatest common divisor of 1755 and 108?
27
Calculate the highest common factor of 616 and 176.
88
What is the highest common factor of 4 and 2836?
4
What is the highest common divisor of 12 and 244?
4
What is the greatest common factor of 76 and 14269?
19
Calculate the greatest common factor of 1605 and 749.
107
Calculate the greatest common factor of 9632 and 448.
224
What is the greatest common divisor of 111125 and 35?
35
Calculate the greatest common divisor of 6687 and 9.
9
What is the greatest common divisor of 196 and 56?
28
Calculate the greatest common divisor of 625 and 225.
25
Calculate the greatest common divisor of 5439 and 441.
147
Calculate the greatest common divisor of 21825 and 180.
45
What is the greatest common divisor of 24878 and 28?
14
Calculate the greatest common factor of 39 and 12.
3
Calculate the greatest common divisor of 18 and 333.
9
What is the greatest common divisor of 15 and 1?
1
What is the greatest common factor of 42 and 189?
21
Calculate the highest common factor of 184 and 897.
23
Calculate the greatest common factor of 3340 and 8.
4
Calculate the highest common divisor of 393 and 2489.
131
What is the greatest common divisor of 65 and 143?
13
What is the greatest common divisor of 47 and 1?
1
What is the greatest common divisor of 654 and 36?
6
Calculate the greatest common factor of 70 and 84.
14
Calculate the highest common divisor of 1106 and 1185.
79
What is the greatest common divisor of 63 and 441?
63
Calculate the greatest common divisor of 441 and 49.
49
What is the greatest common factor of 8 and 5?
1
Calculate the highest common divisor of 1972 and 1392.
116
Calculate the highest common factor of 378 and 28.
14
Calculate the greatest common factor of 216 and 171.
9
What is the greatest common divisor of 21 and 336?
21
Calculate the highest common factor of 1768 and 104.
104
What is the highest common factor of 42 and 228?
6
What is the greatest common factor of 135 and 864?
27
What is the highest common factor of 6 and 123?
3
What is the highest common divisor of 114 and 152?
38
What is the greatest common factor of 693 and 22?
11
What is the highest common factor of 40 and 22130?
10
Calculate the greatest common factor of 20 and 470.
10
Calculate the greatest common divisor of 187 and 88.
11
What is the highest common divisor of 15612 and 24?
12
What is the highest common divisor of 45 and 285?
15
Calculate the highest common divisor of 5525 and 65.
65
What is the highest common divisor of 30 and 330?
30
Calculate the highest common divisor of 1239 and 252.
21
What is the greatest common factor of 400 and 25?
25
What is the highest common factor of 11150 and 20?
10
What is the highest common factor of 850 and 85?
85
What is the highest common divisor of 7 and 4193?
7
Calculate the highest common divisor of 15 and 10095.
15
Calculate the greatest common divisor of 10 and 622.
2
Calculate the highest common divisor of 70 and 91.
7
Calculate the highest common factor of 171 and 190.
19
Calculate the greatest common divisor of 7950 and 75.
75
Calculate the greatest common divisor of 81 and 1.
1
What is the greatest common factor of 58 and 841?
29
Calculate the greatest common factor of 5561 and 134.
67
What is the highest common factor of 28 and 322?
14
Calculate the greatest common factor of 3 and 12.
3
Calculate the greatest common divisor of 455 and 12467.
91
Calculate the greatest common divisor of 23 and 6187.
23
Calculate the greatest common factor of 910 and 280.
70
What is the highest common divisor of 52 and 100?
4
What is the highest common factor of 289 and 51?
17
What is the greatest common divisor of 204 and 10047?
51
Calculate the greatest common factor of 567 and 5355.
63
What is the highest common divisor of 276 and 168?
12
Calculate the highest common factor of 62439 and 39.
39
What is the highest common factor of 2 and 2?
2
What is the greatest common divisor of 4 and 121?
1
What is the greatest common factor of 86 and 50?
2
What is the highest common divisor of 30 and 120?
30
What is the greatest common divisor of 23134 and 172?
86
Calculate the greatest common factor of 935 and 85.
85
Calculate the highest common divisor of 128 and 88.
8
Calculate the greatest common divisor of 1908 and 4929.
159
What is the highest common factor of 1 and 31?
1
What is the highest common divisor of 110 and 31075?
55
Calculate the greatest common factor of 20 and 4960.
20
What is the greatest common divisor of 87 and 3?
3
Calculate the greatest common factor of 37752 and 286.
286
What is the greatest common divisor of 592 and 37?
37
What is the highest common factor of 5947 and 19?
19
What is the greatest common divisor of 76 and 95?
19
Calculate the highest common factor of 4066 and 95.
19
Calculate the greatest common factor of 6 and 5682.
6
Calculate the highest common divisor of 102 and 3961.
17
Calculate the greatest common factor of 52 and 44.
4
What is the highest common divisor of 238 and 14?
14
What is the highest common factor of 8 and 72?
8
What is the highest common divisor of 146 and 146?
146
What is the greatest common factor of 4434 and 54?
6
What is the highest common divisor of 26368 and 512?
256
What is the highest common factor of 152 and 8?
8
Calculate the highest common factor of 164 and 123.
41
Calculate the highest common factor of 8 and 17704.
8
Calculate the greatest common factor of 574 and 656.
82
What is the highest common factor of 5 and 65?
5
What is the highest common factor of 306 and 18?
18
Calculate the highest common factor of 105 and 57.
3
Calculate the highest common factor of 2586 and 18533.
431
What is the greatest common divisor of 145 and 5?
5
Calculate the highest common factor of 1027 and 3.
1
What is the greatest common divisor of 1664 and 32?
32
Calculate the greatest common factor of 7 and 791.
7
What is the highest common divisor of 206 and 10?
2
What is the greatest common factor of 2 and 500?
2
What is the greatest common factor of 1969 and 66?
11
Calculate the highest common divisor of 968 and 3564.
44
Calculate the highest common divisor of 127 and 635.
127
What is the greatest common divisor of 42 and 318?
6
What is the highest common factor of 52 and 20?
4
Calculate the greatest common factor of 1824 and 95.
19
What is the greatest common factor of 899 and 744?
31
Calculate the highest common divisor of 4 and 908.
4
What is the greatest common divisor of 3 and 303?
3
What is the highest common divisor of 16300 and 300?
100
What is the highest common factor of 4116 and 48?
12
Calculate the greatest common factor of 274 and 2055.
137
Calculate the greatest common factor of 139 and 11537.
139
What is the highest common divisor of 27 and 8937?
27
What is the greatest common divisor of 8 and 628?
4
What is the greatest common divisor of 53 and 62911?
53
What is the greatest common divisor of 16727 and 43?
43
Calculate the greatest common factor of 1566 and 1334.
58
What is the highest common divisor of 26 and 57876?
26
What is the highest common factor of 124 and 24?
4
Calculate the highest common factor of 3185 and 13.
13
Calculate the highest common divisor of 450 and 54.
18
Calculate the greatest common divisor of 114 and 266.
38
Calculate the highest common factor of 66 and 18.
6
What is the greatest co